1/((-760)/(-252) + h)?
False
Let q = -55 + 58. Is 16 a factor of 7*1*44/4 + q?
True
Let b = -106 + 108. Suppose -2*c + b = 4, -c = 3*n - 419. Is 7 a factor of n?
True
Let j be (-27)/(-2) + 3/2. Suppose 5*t = -j, 0*t - t - 11 = -g. Suppose -g + 107 = 3*o. Is 11 a factor of o?
True
Does 118 divide (-2577)/1*(-84)/126?
False
Is 11 a factor of (-4 + (-2)/(-1))/((-4)/1284)?
False
Let x(n) = 20*n**3 + 11*n**2 - n - 2. Let y(d) = 7*d**3 + 4*d**2 - 1. Let j(p) = 6*x(p) - 17*y(p). Is j(4) a multiple of 3?
False
Let h(j) = -j + 13. Suppose 43 = 7*n - 13. Let m be h(n). Suppose -383 = -m*p + 37. Does 12 divide p?
True
Suppose 5*x + 48 = -3*a, -3*x - 2*a - 24 = 4. Let l(j) = j**3 + 13*j**2 + 4*j + 20. Does 27 divide l(x)?
False
Let y = 79 - 22. Does 4 divide y?
False
Let u(r) = -2*r**3 - 2*r**2 - r - 7. Let p be u(-3). Suppose -13 - p = -3*o. Is o a multiple of 2?
False
Let t be (-145)/(-15)*(2 - 5). Let r = t + 86. Does 25 divide r?
False
Let u be 3/(-4) - 135/(-36). Suppose 0 = u*y + q - 170 + 5, 5*y + 3*q - 271 = 0. Is 8 a factor of y?
True
Let x be 2487 - 1*(-9)/3. Does 12 divide x/36 - (-1)/(-6)?
False
Suppose 3410 = 11*i - 99. Is i a multiple of 29?
True
Suppose 5*i = -2*v + 349 + 68, -2*v + 422 = 4*i. Is 11 a factor of v?
False
Let p(t) = 69*t**2 - 4*t - 4. Does 8 divide p(-2)?
True
Suppose 5*c + j + 533 = 0, c - 204 = 3*c + 5*j. Let s = -62 - c. Is s a multiple of 15?
True
Let v = 11 - 1. Let r = v + -6. Suppose -r*b + 0*b + 88 = 0. Is 11 a factor of b?
True
Suppose v + 5 = -4*h, 0*v - 5*v - h = -13. Let r(t) = 14*t + 3. Let l be r(v). Suppose -k + 2 = -l. Is k a multiple of 16?
False
Let y = -29 + 92. Let l = y + -53. Is l even?
True
Is 21 a factor of 18/(-8)*(-1008)/(-8 + 12)?
True
Let f(i) = i**2 - 16*i - 21. Let o = -78 - -103. Is f(o) a multiple of 14?
False
Let m be -12*((-8)/6)/4. Suppose -m*g + 4*r - 14 + 2 = 0, -2*g = 2*r - 6. Suppose -7*k + 2*k + 130 = g. Is k a multiple of 16?
False
Let z(u) = u - 10. Let n be (-180)/(-14) + 2/14. Let l be z(n). Is 16 a factor of l/(-3) + 16 + 1?
True
Suppose -11*m = -7*m - 1384. Does 15 divide m?
False
Let d(c) be the second derivative of 9*c - c**2 + 3/20*c**5 + 0 - 1/4*c**4 + 1/6*c**3. Is 3 a factor of d(2)?
True
Let q(l) = -15*l**2 + 5*l + 7*l**2 + 7*l**2 + l**3. Let c be q(3). Let k = 60 - c. Does 27 divide k?
True
Suppose 0 = i - 11*i + 2540. Suppose -514 = -4*r + i. Does 34 divide r?
False
Let v = 285 + 144. Suppose -u - u + a = -v, 3*u + 5*a = 650. Is u a multiple of 11?
False
Let h be (12/21)/((-6)/(-21)). Let o(m) = h*m**2 + 3*m**2 + 4 + m + 0. Does 17 divide o(-4)?
False
Suppose 0 = -3*l + 2 - 35. Let x(o) = -o**2 - 12*o - 2. Does 2 divide x(l)?
False
Let r(n) = -n + 22. Let q be r(24). Does 4 divide q/4*(-9)/9*14?
False
Suppose -r + 1379 + 1014 = -5*o, -9635 = -4*r - o. Let z = r + -1322. Is z/45 - 4/30 a multiple of 8?
True
Suppose -o - 43 = 3*s, 4*s + o + 69 = -s. Let v = 2 - s. Is 15 a factor of v?
True
Let t(v) = -14*v - 140. Let x be t(0). Suppose -3*k + 5*c - 75 - 521 = 0, -2*c + 2 = 0. Let f = x - k. Does 19 divide f?
True
Let u(g) = -40*g - 120. Is 20 a factor of u(-16)?
True
Let x = 198 - 96. Is 10 a factor of x?
False
Let q(g) = 3*g**2 - 27*g - 159. Is 19 a factor of q(32)?
False
Let i be (-4)/4 + 2 + -15. Is (-220)/i - 12/(-42) a multiple of 14?
False
Suppose -4*h + 16 = -0. Suppose 5*l = h*q - 269, 0 = 2*q + 5*l - 2*l - 129. Does 11 divide q?
True
Suppose 11*p - 2014 = 296. Is p a multiple of 14?
True
Suppose -5*l - 5*c + 6350 = -0*l, -6358 = -5*l - 3*c. Does 13 divide l?
True
Let j(c) = 4*c - 3. Let n be j(2). Let y(s) = 7 + 9*s + 15*s**2 + s**3 - s**3 - n*s**2 + s**3. Is y(-9) a multiple of 6?
False
Let a = -5 + 7. Let z be (a*17)/(12/(-18)). Is 21 a factor of z/2*(-6 - -4)?
False
Let q(y) = y**2 + 15*y + 21. Let a be q(-14). Suppose -j + 12 = a. Is j even?
False
Let a(c) = 45*c - 4. Let k(z) = -z**2 - 15*z + 40. Let h be k(-17). Does 27 divide a(h)?
False
Suppose 14*f = 13*f - 141. Let n = 252 + f. Is n a multiple of 26?
False
Let l = -5149 + 7210. Does 17 divide l?
False
Let h(c) = -c - 5. Let k(z) = -8 + 2 - z - z - 3. Let w(g) = 5*h(g) - 2*k(g). Does 4 divide w(-15)?
True
Let c be 10/3*48/32. Suppose 84 = c*k - 2*k. Is 14 a factor of k?
True
Let d(r) = -r**3 + 9*r**2 + 8*r + 12. Let q be d(10). Does 5 divide (-326)/q + (-4)/(-16)?
False
Suppose 2*i = 4*i + 4*g - 22, 4*g = -i + 7. Is 26 a factor of i/2*572/55?
True
Let j be (-264)/(-18) + 4/(-6). Let v = 17 + j. Suppose -2*w - v = -3*h, 4*h - 4*w - 26 = 2*h. Is 9 a factor of h?
True
Let s(u) = -8 - u + 0*u**2 - 12*u + 14 + u**2. Let n be s(10). Let h = n + 50. Is 13 a factor of h?
True
Suppose 1238 + 4 = 9*s. Is s a multiple of 46?
True
Let z be 96/42 + (-2)/7. Suppose -2*m - 4*x + 78 = -8*x, -z = x. Is 9 a factor of m?
False
Suppose 4*l = -0*l - 4*k + 172, 4*l - 177 = k. Let t = l - 10. Is 14 a factor of t?
False
Suppose -4620 = -4*c + 4*n, -4*n = 2*c + 2*c - 4612. Is c a multiple of 41?
False
Suppose -753 - 2439 = -38*j. Is 7 a factor of j?
True
Suppose 9*a - 2204 = -20*a. Is a even?
True
Suppose -459 = -15*w + 621. Is 12 a factor of w?
True
Is 5*789 - (-146)/(-146) a multiple of 17?
True
Let q be 5 + (2 - 6/2). Suppose 17 + 447 = q*y. Does 29 divide y?
True
Suppose t - 4046 + 838 = -3*i, -2*i + 2127 = 3*t. Suppose 4*z = -5*z + i. Is 13 a factor of z?
False
Suppose -4*w - 10 = 5*f, -8*w + f = -3*w - 2. Suppose w = -6*j + 11*j + 9640. Is 37 a factor of 6/(-39) + j/(-26)?
True
Let a(r) = 3*r**2 + 2 - 2*r + r**2 + 1. Is 23 a factor of a(-5)?
False
Suppose 29*z + 3*j - 774 = 25*z, -2*j = 2*z - 388. Is z a multiple of 8?
True
Let r = 13 + -12. Suppose -6 = v - r, 268 = 4*u + 4*v. Does 16 divide u?
False
Let f = -13 + 1. Let m = f - -2. Let b = 5 - m. Is 7 a factor of b?
False
Let f(v) = -105*v + 1. Let b = 12 - 14. Let n be f(b). Suppose -220 = -4*m - 4*d, 4*m - n = -5*d + 4*d. Is 15 a factor of m?
False
Suppose -40 = 5*c - 0*c. Let o(z) = -z - 1. Let v(t) = 18*t. Let p(s) = -12*o(s) - v(s). Is p(c) a multiple of 12?
True
Let s(c) = -c**2 + 8*c - 6. Let v be s(7). Suppose 0 = 2*u - u + v. Is u/3 + (-471)/(-9) a multiple of 26?
True
Let q be (0 - (2 - -1)) + 484/(-4). Let x = q - -202. Is x a multiple of 26?
True
Let t(a) = a**2 + 7*a + 5. Let f be t(-7). Let r be f + 0 + -3 - 3. Is (r + 8/(-4))*-25 a multiple of 18?
False
Let p(s) = -s**2 + 6*s - 6. Let y be p(4). Suppose -y*o = -2*z - 34, z + 34 = 2*o + 3*z. Does 3 divide o?
False
Is -11 - (-391 + (2 - -5)) a multiple of 9?
False
Let f be (16 - 15)*(2 - 2 - -4). Suppose -n + 98 = -3*m - 141, 0 = 3*n + f*m - 743. Does 43 divide n?
False
Let j be (-3 - -6)*2*1. Let b be 6/(-45) + j/45. Suppose -3*f + 4*f - 5 = b. Is 2 a factor of f?
False
Let f(v) = -11*v + 0*v**2 + 10 + v**2 + 1 - 8. Is f(-4) a multiple of 21?
True
Suppose l - 9 = -3. Let z be 10/(-4)*(-7 + 108/20). Suppose -2*k + 24 = 2*a, l + 50 = 4*a - z*k. Does 13 divide a?
True
Let d(s) = -s**3 - 5*s**2 + 2. Let b be d(-5). Suppose -17 = -b*c + 199. Suppose -3*k + c = -k - p, 3*p = 0. Is k a multiple of 18?
True
Let p(s) = s**2 + 7*s + 3. Let c be p(-6). Let m be (-345)/9*(c - 0). Let i = -81 + m. Is 11 a factor of i?
False
Suppose 1 = -0*k + k, 2*m = -5*k + 5. Suppose 2*i + 2*q = -3*i + 354, -3*i + 2*q + 206 = m. Does 12 divide i?
False
Let l(w) = -w - 17. Let c be l(-5). Let k = 21 - c. Is k a multiple of 11?
True
Suppose 0 = -y - y - 5296. Let f be y/(-14) + 6/(-42). Suppose -c - 4*c + 258 = -w, -4*c - 5*w + f = 0. Is c a multiple of 19?
False
Let g(w) be the third derivative of -w**6/360 + 11*w**5/120 + w**4/3 + w**3/2 + 5*w**2. Let u(t) be the first derivative of g(t). Is u(10) a multiple of 6?
True
Let u(g) = g**3 - 21*g**2 + 5*g + 27. Is u(21) a multiple of 6?
True
Suppose -2*x - m - 11 + 24 = 0, 4*x - 4*m = 44. Is x a multiple of 2?
True
Let j(l) = 6*l**2 + l. Let r be j(2). Suppose r = o + 4*c, -13 = -3*o + 4*c + 1. Is 10 a factor of o?
True
Suppose -105*n + 280 = -97*n. Is n a multiple of 3?
False
Let r = 52 - 59. Is (6/18*r)/(1/(-9)) a multiple of 3?
True
Let r(n) = -n**3 - 15*n**2 - 14*n + 39. Let i be r(-14). Does 13 divide (12 - 6)*i/6?
True
Let r = -10 + 14. Suppose z + b = -47, 92 = -2*z + r*b + 28. Let h = -24 - z. Does 18 divide h?
True
Let p = -1 + 3. Suppose -621 = -5*n - v, p*v - v - 125 = -n. Sup